divisor of j and 72.
24
Let l = 893 + -870. What is the highest common factor of l and 2323?
23
Suppose 31*m - 1092 = 17*m. What is the greatest common divisor of 1131 and m?
39
Let m be (15 - -3)*-9*(-2)/12. Let n(o) = o**2 - 2*o + 12. Let s be n(-4). What is the greatest common factor of s and m?
9
Let m(j) = -2*j - 10. Let k be m(-7). Suppose 12 + k = 4*z. Let q be (-3 - 22/(-4))*10/25. Calculate the highest common divisor of q and z.
1
Suppose 13*q = -138 + 684. Calculate the highest common factor of 12 and q.
6
Let x = -174 + 210. What is the highest common divisor of x and 60?
12
Suppose -3*d = -f - 481, -d + f - 6 = -163. What is the highest common divisor of 66 and d?
6
Let v = 7 + -4. Suppose -2*q - 12 = -v*r, 13 = q + 4*r - 3. Suppose q = -3*m - 0*m + 39. Calculate the greatest common divisor of m and 91.
13
Let l be (-6)/(3 + -6) + 2. Let r(k) = 2*k**2 - 6*k - 1. Let t be r(l). What is the greatest common factor of t and 14?
7
Let i = 80 - 71. What is the greatest common divisor of 9 and i?
9
Let t(r) = 19*r - 85. Let b be t(9). What is the highest common factor of b and 215?
43
Let q be 62 + 1*(-1 + 3). Let m(p) = -103*p - 305. Let c be m(-3). What is the greatest common factor of q and c?
4
Suppose 205 = 2*p - v + 2*v, 0 = p - v - 95. Suppose 0 = 42*u - 40*u - p. Calculate the highest common divisor of u and 20.
10
Suppose h - 24 = 2*l - 3*l, 2*l + 3*h = 49. Suppose -462 = -5*z - m + 3*m, -4*m + 272 = 3*z. What is the highest common divisor of z and l?
23
Let h be 7 + 1*(-2 + 0). Suppose -h*x - x + 12 = 0. Suppose -x*j = 4*n - 36, -3*j + 3*n = -24 - 3. What is the greatest common divisor of 24 and j?
12
Let s be (-3)/(-15) - 195/(-25). Suppose -31 = -4*h - 5*i, 3*i = -13 - 2. Let f = -6 + h. Calculate the greatest common divisor of s and f.
8
Suppose 0*p - 4*p = -4, -2*p = -4*c + 14. What is the greatest common factor of c and 272?
4
Suppose 4*v - 15*v - 22 = 0. Let q = v - -72. Calculate the highest common factor of 14 and q.
14
Suppose -7*j = -0*j - 21. Suppose -j*i - 168 = -3*t - 0*t, -i + 184 = 3*t. Suppose -c = 2*c - 36. Calculate the greatest common factor of c and t.
12
Let h = 15 - 17. Let r be (-14)/7*105/h. What is the highest common divisor of 35 and r?
35
Let s be -1 + 0 + (-3 - -7). Suppose -13 = -s*p + y + 3*y, -p + 4 = -y. Suppose p*c = 7*c - 96. Calculate the greatest common factor of c and 120.
24
Let g(t) = -t + 2. Let i be g(7). Let f be (1 - -30)*(-5)/i. Suppose -271 = -n - f. What is the highest common factor of n and 30?
30
Suppose 3 = 2*f - 7. Suppose f*b - 4*a = 352, -6*b - 4*a = -3*b - 224. Suppose 61 = 4*r + 5*t, r + 0*t = -t + 14. What is the highest common divisor of b and r?
9
Let j(s) = s**3 - 17*s**2 + 4*s + 201. Let h be j(16). Suppose 0 = -4*x + 267 - 15. Calculate the highest common divisor of h and x.
9
Let r be 3*2/(0 - -1). Let m = -268 + 277. Calculate the highest common divisor of r and m.
3
Let j = 3642 + -1269. What is the greatest common divisor of j and 21?
21
Let k(o) = 2 - 3 - 8 - o. Suppose -41 = 3*a + 5*f + 19, -a = -5*f. Let n be k(a). Calculate the greatest common divisor of 6 and n.
6
Let r(i) = i**2 - 5*i + 2. Let g be r(-10). Let s(n) = -6*n + 50. Let f be s(7). What is the highest common divisor of f and g?
8
Suppose a - 1 - 1 = 0. Suppose -5*z + 438 = -a*z. Suppose -z = -4*s + s + n, -180 = -4*s + 5*n. Calculate the highest common divisor of 5 and s.
5
Suppose -3*b + 5*s = 102 - 33, -3*b - 69 = -4*s. Let h = 55 + b. Suppose 6*c - 20 = c. What is the highest common factor of c and h?
4
Suppose -5*s + 1292*a + 126 = 1289*a, 4*s + 2*a - 92 = 0. Let c = -3 + 27. Calculate the greatest common factor of s and c.
24
Let n = 637 + -595. Calculate the highest common factor of n and 24.
6
Let x be (20/(-16) + 1)/(5/(-1540)). Calculate the highest common divisor of 55 and x.
11
Let c(a) = 9*a - 3. Let x be c(2). Let r be 603/x - (-2)/(-10). Let k = 387 - 379. Calculate the highest common divisor of k and r.
8
Let u = -284 - -295. Calculate the greatest common divisor of 1353 and u.
11
Let m be (4/(-16) - 1)/((-6)/48). What is the highest common factor of 6 and m?
2
Suppose -5*m = -22 - 58. Let z = m + -5. Calculate the greatest common factor of 11 and z.
11
Let o(q) = q**2 + 13*q - 11. Let p be o(-14). Suppose 3*i + p*j = 171 + 147, 3*i = 5*j + 310. Let f = 51 - 30. What is the highest common factor of f and i?
21
Let b = 26 - -14. Let c(q) = q**2 - 22*q + 56. Let y be c(20). Calculate the greatest common divisor of b and y.
8
Let z = 6 - 12. Let b(g) = -g + 15. Let p be b(z). Calculate the highest common divisor of 189 and p.
21
Let x be (-322)/(-92)*600/14. Calculate the greatest common divisor of 6 and x.
6
Let c(o) = 5*o**2 - o - 4. Let d be c(3). Suppose -3*f = 2*f - 5. Let u = 94 + f. What is the greatest common divisor of u and d?
19
Let t be 250/3 - 16/(-24). Calculate the highest common divisor of 1218 and t.
42
Let n(h) = 46*h - 1. Let a(k) = 15*k. Let m = -10 - -6. Let z(l) = m*n(l) + 14*a(l). Let y be z(4). Calculate the highest common factor of y and 12.
12
Let j be (-4)/(-2 + 4)*-2. Let g be (10 + -2)/j + 7. Calculate the greatest common divisor of g and 72.
9
Let n = 590 + -414. Let f be 8 + -5 + 23 + -4. Calculate the highest common factor of n and f.
22
Let l be 2/7 - 1952/(-28). Let h = l + 37. Suppose 2*f - 25 - h = 0. What is the highest common factor of f and 6?
6
Let d be (4 + -52)*1/(-2). Suppose -3*i - 2*q = -q - d, 12 = i - q. Let n be -4*-5*(-9)/(-4). What is the highest common divisor of n and i?
9
Suppose -5*p + 0 = -55. Let i(q) be the second derivative of q**5/20 + q**4/6 + 44*q**2 - 2*q + 7. Let x be i(0). What is the highest common factor of p and x?
11
Let c = 97 + -19. Let s = 132 - c. What is the highest common factor of 6 and s?
6
Let z = 19 - 33. Suppose -3*o + 91 = -2*h, 10*o - 6*o + h - 114 = 0. Let c = o + z. Calculate the highest common factor of 6 and c.
3
Suppose 280 = -45*d + 47*d. Calculate the greatest common factor of 300 and d.
20
Let s(k) = -5*k. Let n(w) = 3*w + 9. Let d be n(-5). Let m be s(d). Calculate the greatest common factor of m and 30.
30
Let l be 4/((-80)/70)*-290*1. Calculate the greatest common divisor of 35 and l.
35
Let x be (-2 - -6)*(-50)/(-8). Let t(u) = 20*u**2 + 5*u + 5. Let p be t(-2). Calculate the highest common factor of x and p.
25
Suppose -3*k = -345 - 459. Suppose -4*u = -2*y + k, -3*u = -7*u + 20. Suppose w - y = -w. What is the greatest common divisor of w and 9?
9
Let x = -11 + 37. Calculate the greatest common factor of x and 26.
26
Suppose 0*r = -4*r. Suppose r*l = 4*l - 12. Suppose -39*y + 22*y + 51 = 0. Calculate the greatest common factor of l and y.
3
Suppose -4*h - v - v + 102 = 0, -5*h - 2*v = -126. Let z be 316/26 - (-16)/(-104). Calculate the greatest common factor of z and h.
12
Let u be (-6 - -2)*9/(-12). Suppose -3*o + 0*s = 2*s - 104, -u*s - 52 = -2*o. Calculate the greatest common factor of 24 and o.
8
Suppose 4*f - 3*q = 1075, 0 = f + 3*q - 133 - 132. Let o = 388 - f. Calculate the highest common factor of o and 15.
15
Suppose -12 + 6 = -2*l. Suppose -2*f - 11*o = -8*o - 90, l*o - 6 = 0. Calculate the highest common divisor of f and 14.
14
Let k be (18/5 - 0)/((12/(-15))/(-2)). Let r(a) = 9*a. Let p be r(2). What is the highest common divisor of p and k?
9
Suppose 17*t + 133 = 18*t. Calculate the highest common factor of t and 76.
19
Let p be (7 + 8 + 4)*26. Calculate the highest common factor of 38 and p.
38
Suppose 8*x - 20 = 3*x. Let c be (-8)/(-5) - 28/(-70) - -2. What is the highest common factor of x and c?
4
Suppose 54*n - 12852 = 12*n. Calculate the highest common factor of 34 and n.
34
Suppose 30 = -2*y + 7*y. Let a(d) = -d + 7. Let c be a(y). Calculate the greatest common factor of 2 and c.
1
Suppose 85*z = 73*z + 1392. Calculate the highest common divisor of 319 and z.
29
Let g(s) = 37*s + 250. Let y be g(-6). Calculate the highest common factor of y and 364.
28
Let m be (19 + 0 + -5)*2. Calculate the highest common factor of 28 and m.
28
Let u be 94/141 - 5948/(-6). What is the greatest common factor of 31 and u?
31
Suppose 26 = -4*g - t + 3*t, -5*t + 25 = 0. Let m be (22/g)/(1/(-2)). Let q = -1823 + 1922. What is the greatest common divisor of m and q?
11
Let q be 1/2 - 135/30.